 = 75133 - 46336. What are the prime factors of u?
3, 29, 331
Let z = 181 + -348. Let h = 317 - z. List the prime factors of h.
2, 11
Suppose s = -2*m + 18, s - 19 = -m - 2*s. Suppose 276 = 3*l + 2*k, 7*k - 2*k = -4*l + 368. Suppose -m*y = -3*y - l. What are the prime factors of y?
23
Let v(h) = 1477*h**2 + 697*h - 1396. What are the prime factors of v(2)?
2, 2953
Suppose -3*y - 58 = -70. Suppose y*s = -13*s + 8704. What are the prime factors of s?
2
Let y(d) = -40*d**2 - d - 1. Let i be y(-1). Let w = 45 + i. Suppose a + 668 = w*a. List the prime factors of a.
167
Suppose -2*b + 1154 = 3*h, 5*h - 1165 = 4*b + 729. Let t = 170 - h. Let a = -10 - t. What are the prime factors of a?
2, 101
Let v(x) = 5*x**2 + 11*x + 25. Let l(j) = j**2 + 3. Let r(b) = 6*l(b) - v(b). Let a be (1 + 2)/(3/(-10)). List the prime factors of r(a).
7, 29
Let b(k) = -179*k + 5. Let i be ((0 - 3) + 3)/(-2) + -3. What are the prime factors of b(i)?
2, 271
Suppose 2*n + 9 = d - 2*n, -2*d - n + 9 = 0. Suppose -v - 3*y - 20 = y, -2*v - y = d. Suppose v*h = 9*h - 513. List the prime factors of h.
3, 19
Let r(w) = -37*w**2 - 4*w - 53. Let b be r(-9). What are the prime factors of (-8 - (-94)/12) + b/(-12)?
251
Let y = -13165 + 42526. Suppose -189 + y = 34*s. List the prime factors of s.
2, 3, 11, 13
Let d = 145 + -247. Let w = d - -147. What are the prime factors of w?
3, 5
Let k(t) = 63*t**2 - 21*t - 18. Let n be k(-8). Suppose 10*l - n + 1432 = 0. List the prime factors of l.
5, 11
Let y(r) = r**2 - 4*r + 21. Let s be y(6). Suppose 2*h = -s - 5. Let c = h - -93. List the prime factors of c.
2, 37
Let y(k) = 182*k + 4. Let c be y(8). Suppose -c = -3*z + 4*o, 14*z - 15*z + 500 = 2*o. List the prime factors of z.
2, 3, 41
Suppose 4*t - 656 = -4*v, 144 = t - 3*v - 0*v. Let n = 290 - t. What are the prime factors of n?
131
Suppose -4*o - x - 3*x - 140 = 0, 0 = 4*x + 20. Let r = o + 20. What are the prime factors of 46 + 5*(-8)/r?
2, 5
Let y(f) = 7719*f + 1443. What are the prime factors of y(4)?
3, 7, 19
Suppose -22*z + 27*z = -10. What are the prime factors of (847 - z)*(-1 + 20/15)?
283
Suppose b - 3*y - 8 = 2*b, 2*y = -2*b. Suppose -2*s + 1627 = 2*s - t, -s - b*t + 428 = 0. What are the prime factors of s?
2, 3, 17
Suppose 2*w = s + 37, 3*w - 2*s = 64 - 6. Suppose -14*v = -w*v + 664. What are the prime factors of v?
2, 83
Let s(f) = -62 - 93 - 57 + 43 - 31 - 39*f. List the prime factors of s(-31).
1009
Let b = 32205 - 15093. What are the prime factors of b?
2, 3, 23, 31
Suppose -19*u = -55*u + 397872. What are the prime factors of u?
2, 3, 307
Let s(g) = -2*g**3 - 157*g**2 - 302*g - 260. List the prime factors of s(-78).
2, 13, 331
Let g(k) = -37*k + 139. Let f(d) = 73*d - 278. Let j(r) = -6*f(r) - 11*g(r). List the prime factors of j(-25).
2, 457
Let r = -122 - -126. Suppose 0 = -3*x - 6, r*o - 267 - 83 = -x. List the prime factors of o.
2, 11
Let a be ((2 - -14)/(-16))/(2/(-502)). Suppose -q - a = -2*w - 989, 0 = -2*q + w + 1485. List the prime factors of q.
2, 3, 31
Let p be (-7 - -19) + (-2 - -1). Suppose 16*s + 80 = p*s. Let t = s - -35. What are the prime factors of t?
19
Suppose 0 = -j + 6 - 6, 4*c - 86052 = 3*j. What are the prime factors of c?
3, 71, 101
Suppose -11*s = -25 - 41. Suppose 5*j = -3*w + 5883, 2*w = s*w - 5*j - 7809. Suppose -6*k - 354 + w = 0. What are the prime factors of k?
3, 89
Let f(u) = -u**2 + 90*u - 254. What are the prime factors of f(60)?
2, 773
Suppose 43*p - 371582 + 56811 = 101770. What are the prime factors of p?
3, 3229
Let j(b) = -b**2 - 5*b + 167. Let y be j(0). Let n be (-192)/2 + 4 + 1. Let o = n + y. List the prime factors of o.
2, 19
Let y(r) = -r**3 + 16*r**2 - 2*r + 29. Let j be y(16). Let g be ((-24)/(-28) + 0)*(-987)/j. What are the prime factors of (1/2)/(1/g)?
3, 47
Let p = -9884 + 47825. What are the prime factors of p?
3, 12647
Let h be (-5)/10 + (-53)/2. Suppose -12*a + 5*l = -11*a - 220, 4*a = l + 899. Let k = h + a. List the prime factors of k.
2, 3, 11
Let h = 4192 - -1055. What are the prime factors of h?
3, 11, 53
Suppose 2*u = -5*v + 33144, 0 = -6*v + 8*v + u - 13257. Suppose 0 = -31*d + 36*d - v. What are the prime factors of d?
2, 3, 13, 17
Let l be (-10 - (5 + -10))*-1*13. Suppose 0 = -5*s + 10*s - l. Suppose 0 = s*a - 10*a - 249. What are the prime factors of a?
83
Let a be ((-70)/(-30))/(1/(-3)). What are the prime factors of 6/(a - 5)*-346?
173
Suppose 314*l - 3478645 = 114*l - 155*l. List the prime factors of l.
41, 239
Let q(b) = 266*b**3 - 3*b**2 + 2*b + 6. Let t be q(2). Let r = t - 1009. What are the prime factors of r?
1117
Suppose -5113 = 9*q - 18955. Suppose -2*w + q = 2*w - 2*y, -5*w - y = -1940. List the prime factors of ((-4)/6)/((-3)/w).
2, 43
Let x(h) = -2*h**3 + 28*h**2 + 24*h + 61. Let f(t) = -5*t**3 + 56*t**2 + 49*t + 121. Let l(a) = -3*f(a) + 7*x(a). What are the prime factors of l(-27)?
2, 113
Let m(s) = -7*s**2 + 823*s - 113. List the prime factors of m(71).
31, 743
Let r = -216 + 407. Suppose r*z - 192*z + 102 = 0. List the prime factors of z.
2, 3, 17
Let x = 14391 - 9927. What are the prime factors of x?
2, 3, 31
Let f(t) = 18*t - 24. Let c be f(3). Let m be 0 - (c/75 + 36/10). List the prime factors of 15/m*(-4 + 196/(-3)).
2, 5, 13
Suppose 2*b = -b - 1794. Let k = b + 1081. Suppose -5*p + 52 = -k. What are the prime factors of p?
107
Let d = 667 + -665. Suppose 5*w - 580 = -2*l - 0*l, 5*w = d*l - 600. What are the prime factors of l?
5, 59
Let r = 16192 - 9106. List the prime factors of r.
2, 3, 1181
Let i = 41 - 38. Suppose 2*t = i*t + 18. Let n(h) = -h**2 - 19*h - 5. List the prime factors of n(t).
13
Let y(p) = 5*p**2 + 28*p + 4. Let s be (156/(-24))/((-3)/(-6)). What are the prime factors of y(s)?
5, 97
Suppose 4*l - 64457 = -3*i, 19*l - 20*l = 2*i - 16118. List the prime factors of l.
2, 19, 53
Suppose 7*x + 8*x = 31*x - 15600. What are the prime factors of x?
3, 5, 13
Suppose 2*f - 1763 = -c, -5*c + 2*c = 5*f - 5285. Suppose 6*k = 129 + c. List the prime factors of k.
2, 157
Let j(l) = -l**3 - 18*l**2 - 18*l - 12. Let a be j(-17). Suppose -4*z = 4*g + 1304 - 7984, 3*g + a*z = 5012. What are the prime factors of g?
1669
Let n = -20419 + 22870. List the prime factors of n.
3, 19, 43
Suppose -26*q = -18 - 34. Suppose -2*c = 2, q*w - 1112 = -0*w - 2*c. What are the prime factors of w?
557
What are the prime factors of 6/(-10)*-1 + (-64620)/(-50)?
3, 431
Let m be 568/5 + 10 + (-2)/(-5). Suppose 0 = 125*y - m*y - 338. What are the prime factors of y?
2, 13
Let k(b) = -b**3 - 7*b**2 + 19*b + 29. Let u be k(-9). List the prime factors of (u/(-15) + 2)*429.
2, 11, 13
Suppose 2*w - m + 9432 = 4*w, 18860 = 4*w + m. What are the prime factors of w?
2, 2357
Suppose -3*y + 5*n - 42 - 115 = 0, 4*y + n + 240 = 0. Let b = -63 - y. What are the prime factors of (b + 8)*1 + 164?
2, 3, 7
Suppose 7*k = -14, 19*v + k = 24*v - 190872. List the prime factors of v.
2, 19087
Suppose 3*j - 4*p - 3 = -6, 0 = -4*j + p + 9. Let x(y) = 30*y**3 - 3*y**2. What are the prime factors of x(j)?
3, 29
Suppose 27 = 5*z - 4*d, -5*d = -0*d + 15. Let i be -1 + (3 - (3 - (6 - z))). What are the prime factors of 241/5 - i/10?
2, 3
Suppose -160*k = -186*k + 150202. What are the prime factors of k?
53, 109
Let l(s) = -94*s - 28*s - 7*s + 9 - 36*s. List the prime factors of l(-2).
3, 113
Suppose 271*m - 274*m + 14160 = 0. Suppose 90*u + m = 100*u. List the prime factors of u.
2, 59
Let f(y) = -2*y**2 + 4*y + 4. Let u be f(-4). Let s be (-2 + 3 - -109) + -4. Let n = u + s. What are the prime factors of n?
2, 31
Let u be 1 + 84/(-92) - 32304/138. What are the prime factors of ((-7 - -12) + 62/(-6))*u?
2, 3, 13
Let k(v) = 5*v**2 - 11*v + 4. Let s be k(2). Suppose 3*m = -m - 5*a + 848, -s*m - 5*a = -424. What are the prime factors of m?
2, 53
Let w be 1/(-1) + (2 + -2 - -1). Suppose w = 10*k - 6*k - 12. Suppose -3*b + 39 = k*x, -5*b = x + 3*x - 67. What are the prime factors of b?
3, 5
Let g = -119145 + 173384. What are the prime factors of g?
73, 743
Suppose -2*k + k + 12 = 0. Suppose -m + 7*o - 3*o - k = 0, -4*m = -4*o. Let n = m - -40. List the prime factors of n.
2, 11
Suppose -4*v - 13*w + 8705 = -8*w, -4375 = -2*v + 5*w. What are the prime factors of v?
2, 5, 109
Suppose 1 - 67 = -3*v. Let d = 28 - v. Let w(z) = 9*z + 30. 